 -w - 206, 5*n - 346 = 4*w - 5*w. Calculate the greatest common factor of n and 46.
23
Let q be (0 - -4) + 1 + 0. Let l(g) = g. Let y be l(5). Let s = y + 0. What is the highest common factor of s and q?
5
Let o = 52 + -4. Calculate the highest common factor of o and 12.
12
Let u(y) = -y**3 - y**2 + 10. Let f be u(0). Calculate the greatest common factor of f and 90.
10
Suppose 0 = r - 4*g + 7, -3*r - 2*g + 7 = -14. Suppose -3*j + 4*n - 94 = r*n, -j + n - 30 = 0. Let b = j + 95. Calculate the greatest common divisor of b and 8.
8
Let o = -1 - -3. Suppose 0 = -r + 1 + o. What is the greatest common factor of 3 and r?
3
Let r = 57 - -45. What is the highest common factor of 153 and r?
51
Suppose -v + 4 = -0*v. What is the greatest common factor of v and 10?
2
Let o be (-2178)/(-77) - (-2)/(-7). Let r(g) = -8*g**3 - g**2 + g + 1. Let z be r(-1). What is the highest common factor of z and o?
7
Let w(a) = -a**2 - 3*a + 2. Let v be w(-2). Suppose 39 + 5 = v*m. What is the greatest common factor of m and 88?
11
Let p be (-54)/(-1 - (-5)/2). Suppose f + f = -2. Let s be (-438)/p - f/(-6). Calculate the highest common factor of 84 and s.
12
Suppose -18 = -8*a + 2*a. Suppose 14 = 4*q - 0*d - 2*d, a*d + 16 = q. Calculate the greatest common divisor of q and 8.
1
Let x = -29 + 74. Let g(i) = 2*i**2 + 4 + i**2 - 1. Let n be g(-3). Calculate the highest common divisor of x and n.
15
Let f = 19 + -20. Let w = 15 + f. Let n = -34 + 90. Calculate the highest common divisor of n and w.
14
Let c be (8/(-10))/(1/(-30)). Suppose -2*n + c = -n. Calculate the greatest common divisor of 36 and n.
12
Suppose -27 = -5*b + 2*r - 7, 0 = -4*b + 3*r + 9. Suppose -5*k - 98 - 27 = 0. Let w = 31 + k. Calculate the highest common divisor of w and b.
6
Let j be 22*((-3)/(-4) - 10/40). What is the highest common divisor of j and 33?
11
Let n(s) = -2*s**3 + 8*s**2 + 6*s + 10. Let x be n(7). Suppose 4*h = 3*h + 413. Let m = h + x. What is the greatest common divisor of m and 19?
19
Let t = 2 + -2. Let p = t - -6. Calculate the highest common divisor of 54 and p.
6
Let f = -2005 + 1367. Let l = 346 + f. Let x be l/(-16) + 2/(-8). What is the highest common divisor of 45 and x?
9
Let y(p) = -p**2 - 11*p + 13. Let x be y(-9). Suppose i - x = 24. Suppose -i + 11 = -2*l. Calculate the highest common factor of 88 and l.
22
Suppose 2*w = 20 + 10. Calculate the highest common divisor of w and 75.
15
Suppose k = 4*k - 36. Let b(n) = -n + 1. Let t be b(-5). Let g be 27 - 2/(t/(-9)). Calculate the highest common factor of g and k.
6
Let g(m) = -2*m - 7. Suppose 3*t - 220 = -2*t. Suppose t = -5*s + 4. Let u be g(s). What is the greatest common factor of u and 3?
3
Let q = 31 + -4. Suppose 0 = g - 4*g + q. Calculate the highest common divisor of 18 and g.
9
Suppose 0 = 4*j + 4*j - 960. Calculate the highest common factor of 48 and j.
24
Let x = -47 + 55. Let m = 40 + 0. Calculate the greatest common divisor of x and m.
8
Let s(b) = 2*b**2 + 14*b + 6. Let m be s(-9). Let n(y) = -5*y**3 - 3*y**2 - y - 2. Let j be n(-2). Calculate the highest common factor of m and j.
14
Suppose 4*z + 399 = 71. Let b = 134 + z. What is the greatest common divisor of b and 13?
13
Let a = 65 + -39. Suppose -3*y + a = -2*f, 4*y - 4*f - 33 = -f. Calculate the highest common factor of y and 30.
6
Let q be ((-24)/(-9))/(1/3). What is the greatest common divisor of 16 and q?
8
Let d(g) = 280*g**2 - 5*g + 4. Let k be d(1). Calculate the highest common factor of k and 31.
31
Suppose -10 = 3*x - 4*x + 4*c, -3*x - 2*c + 44 = 0. Let g(j) = 28*j**2 + j + 2. Let y be g(-2). Calculate the greatest common divisor of x and y.
14
Suppose -3*y = 4*s - 65, 3*y - 12 - 57 = -3*s. Calculate the highest common divisor of 3 and y.
3
Suppose 5*r = -15, -4*r - 210 = -x - x. Let l(g) = -4*g - 149. Let d be l(-40). What is the greatest common factor of d and x?
11
Let r = 53 - -1125. Suppose 670 = 4*w - r. Suppose v = -v + w. Calculate the highest common divisor of v and 21.
21
Let p(q) = -90*q**3 - 2*q - 1. Let l be p(-1). Calculate the highest common factor of 13 and l.
13
Let f(l) = 12*l + 3. Let a be f(2). Calculate the highest common factor of 135 and a.
27
Let q be (180/(-105))/((-1)/7). What is the highest common factor of 96 and q?
12
Let w(u) = -2*u**3 - 4*u**2 + 11*u - 5. Let t be w(-5). Let s = 71 - 41. What is the highest common divisor of s and t?
30
Suppose 2*p = p + 10. Let d be p/15 - (-52)/3. What is the greatest common divisor of 27 and d?
9
Let l(k) = k**2 - 4*k - 3. Let c be l(6). Let y be -9*(-1*8)/1. What is the highest common factor of y and c?
9
Suppose -4*g + 194 = -y, y + 2*y - 90 = -2*g. Let o(h) = h**3 + 6*h**2 - 15*h + 16. Let r be o(-7). What is the greatest common divisor of r and g?
24
Suppose 3*z + l = 45, 3*z - 2*z + l = 15. Let o = 7 + -3. Suppose 4*b + o*c - 5*c = 25, 0 = -4*b - 5*c + 19. Calculate the highest common factor of b and z.
3
Suppose -20*y + 19*y + 6 = 0. Calculate the greatest common factor of 78 and y.
6
Suppose -r - a + 71 = 0, -36 = r + 5*a - 111. Calculate the highest common factor of r and 10.
10
Suppose 4*c + 64 = 4*h, 2*c + 1 = -1. Let p(y) = -55*y. Let g be p(-3). Calculate the greatest common divisor of h and g.
15
Suppose 3*b - 12 = -3*v + 15, b = -4*v - 3. What is the greatest common factor of 39 and b?
13
Let f(l) = -l**3 - 5*l**2 + 8*l + 7. Let j be f(-6). Let i be 563/5 - 2/j. Suppose 5*b - i = 67. What is the highest common divisor of b and 12?
12
Suppose -y + 5*x + 19 = 0, y + 5*x + 12 = 1. Suppose -y*z = -135 - 225. What is the greatest common factor of 10 and z?
10
Let s = 3 + 1. Suppose -s*f + 36 = -2*f. Suppose -4*q + 208 = -584. Calculate the greatest common factor of f and q.
18
Suppose 5*m = 4*f - 407 + 102, -4*f = m - 323. Suppose 0 = -2*u + 14 + 26. Calculate the highest common factor of f and u.
20
Let p be (-2)/8 - (-178)/8. Calculate the highest common factor of p and 88.
22
Let q = 28 + -19. Let p be (-18)/(-81) + 214/q. Calculate the greatest common divisor of p and 8.
8
Let t(f) = 2*f - 6. Let h be t(7). Let n = -7 - -31. Suppose 3*u - n = u. Calculate the greatest common divisor of h and u.
4
Suppose l - 22 = 18. Suppose 340 - l = 4*d. What is the greatest common divisor of 30 and d?
15
Let w(n) = 641*n**2. Let d be w(-1). Suppose 0 = 5*h - 19 - d. Suppose 0*a + 4*a = 2*f + 40, -4*a + 28 = -5*f. Calculate the highest common divisor of h and a.
12
Let c(k) = -2*k**2 + 47*k - 2. Let i be c(22). Calculate the greatest common divisor of 8 and i.
8
Let k be ((-14)/(-5))/((-1)/(-5)). Let a(o) = o**3 + 8*o**2 + 2. Let u be a(-8). Calculate the highest common divisor of k and u.
2
Let v = 16 - 8. Let t = -5 + 8. Suppose -91 = -3*p + 5*h, -5*p - t*h - 2*h + 165 = 0. Calculate the greatest common factor of v and p.
8
Let q = 20 + -10. Calculate the greatest common factor of 10 and q.
10
Let n = 15 + -13. What is the greatest common factor of n and 5?
1
Let l(y) = -y + 10. Let p(i) = 7*i**2 - i + 1. Let u be p(1). Let k be l(u). What is the greatest common divisor of 3 and k?
3
Suppose -5 - 5 = -5*u. Let d be 28/8 - 3/6. Suppose -4*q + d = -3*q. What is the highest common divisor of q and u?
1
Let q be (-1)/((-25)/(-20)*6/(-165)). Let y(u) = 67*u - 3. Let v be y(3). What is the highest common factor of q and v?
22
Let i = 6 + 0. Suppose j = 17 - i. What is the greatest common factor of j and 77?
11
Suppose 13 = b - 1. Let j(z) be the first derivative of -z**4/4 - z**3/3 + 42*z - 3. Let o be j(0). Calculate the highest common divisor of b and o.
14
Let m be (0 + -48)*(-1)/((-12)/(-8)). Suppose -3*f = 2*f - 240. Calculate the highest common divisor of f and m.
16
Let q(j) = -j**2 + 10*j - 10. Let b be q(7). Suppose -4*w = -37 - b. Calculate the greatest common factor of w and 8.
4
Suppose 19 - 103 = -4*g. Let l(k) = 0*k - 1 - k - 4 - 2*k. Let t be l(-4). What is the highest common factor of g and t?
7
Let d(q) = 3*q**2 - 1. Let w be d(2). Let p be 231/4 + (-2)/(-8). Suppose 2*o = p - 14. What is the greatest common factor of w and o?
11
Let s = -2 - -16. Let i be 74/s - 12/42. Suppose -2*y - v - 44 = -3*y, i*y = -v + 208. What is the highest common factor of y and 14?
14
Let u be 0 - 1*(-6)/2. Suppose 21 = g - u. Suppose 5*f + 0 - 20 = 0. Calculate the highest common fa